a**2 - 6*a - 23. Calculate u(y).
17
Let r(a) = 14*a - 63. Suppose 0 = -9*l - 12 + 31 + 26. Calculate r(l).
7
Let v(u) = -u - 4. Let n(p) = -p**3 + 12*p**2 - 31*p + 9. Let a be n(3). Let d be ((-12)/(-9))/(a/9). Determine v(d).
0
Let i(p) = -24*p**2 + 50*p + 139. Let u(d) = 7*d**2 - 14*d - 46. Let n(m) = 2*i(m) + 7*u(m). Give n(6).
4
Let f(i) = -6*i**3 + 7*i**2 - 2*i - 13. Let c(o) = 17*o**3 - 20*o**2 + 6*o + 37. Let u(l) = -5*c(l) - 14*f(l). Determine u(3).
-18
Let l(r) = -2*r**3 - 10*r**2 - r. Let g(k) = -7*k**3 - 41*k**2 - 15*k - 29. Let h(o) = -g(o) + 3*l(o). What is h(-10)?
9
Let r(a) = a**3 - 25*a**2 - 30*a - 70. Let m(t) = -2*t**3 + 56*t**2 + 63*t + 139. Let n(i) = 5*m(i) + 11*r(i). What is n(-4)?
1
Let d(t) = -423*t + 2955. Let g be d(7). Let u(s) = s**2 + 10*s + 12. Give u(g).
-12
Let l = -106 + 109. Let z(x) = -x**2 + 5*x**2 + 9*x + 2*x**2 + l*x**2 - x**3 - 1 + 4. Calculate z(10).
-7
Let c = -8825 - -8823. Let p(a) = 5*a**3 + a**2 - a + 3. Calculate p(c).
-31
Let z(d) = d**3 + 15*d**2 - 3*d - 34. Let f be z(-15). Suppose -f*a + 17*a = 60. Let u(o) = -o**2 + 10*o - 4. Calculate u(a).
-4
Let o(z) = z**3 + 21*z**2 - 44*z + 51. Suppose -16*p + 54*p - 19*p + 437 = 0. What is o(p)?
5
Let r(s) be the third derivative of s**6/360 + s**5/12 + 13*s**4/24 + 2*s**3 - 2*s**2 - 26*s. Let b(h) be the first derivative of r(h). What is b(-10)?
13
Suppose 2*r + 4442 = 4440. Let j(f) = -30*f**2 + 1. Give j(r).
-29
Suppose -73*t + 1561 = 393. Let x(c) = c**3 - 14*c**2 - 25*c - 117. What is x(t)?
-5
Let k = -19863 - -19861. Let a(l) = 11*l + 14. Give a(k).
-8
Let q(f) = 6*f**2 + 2*f + 3. Let c(u) = u**3 + 2*u**2 + 72*u + 70. Let y be c(-1). Determine q(y).
7
Let u(w) = 26*w - 1014. Let s(z) = -z + 78. Let o(y) = 13*s(y) + u(y). What is o(0)?
0
Let y(v) = v**3 - 27*v**2 + 28*v - 49. Let p be y(26). Let g(m) = -2*m - 3*m**2 + 3 + 2*m**2 - 1. Determine g(p).
-13
Let k = -15643 + 15649. Let t(f) = -20*f + 1. Determine t(k).
-119
Let q(u) = -64*u + 135. Let t(a) = -49*a + 101. Let y(o) = 7*q(o) - 9*t(o). Give y(2).
22
Suppose -12*k = -14*k - 70. Let w = k + 45. Suppose -n + g - 1 = 0, 5*g + 25 = -5*n - w. Let u(y) = -y**3 - 3*y**2 + 2*y + 4. Give u(n).
12
Let n(m) = m**3 + 18*m**2 - 18*m + 11. Let b be n(-19). Let q(r) = 85*r + r**2 + 20 + 189*r - 265*r. Give q(b).
12
Suppose -4*s - 3*k + 753 = 760, 4*s - 5*k - 33 = 0. Let o(h) be the third derivative of -1/6*h**3 + 0 + 0*h + 1/24*h**4 - 31*h**s. What is o(-7)?
-8
Let d(h) = -h**2 + 7. Suppose -10*c = -17*c + 2002. Let z = 282 - c. Give d(z).
-9
Let f(y) = 24*y**2 - y - 1. Let z be f(-1). Let v be 1*3*(-40)/z. Let g(h) be the second derivative of -h**3/6 - 3*h**2 - 80*h + 2. Give g(v).
-1
Let l(z) = -z**2 + 10*z + 90. Let p = -2777 - -2771. Calculate l(p).
-6
Let k(b) be the first derivative of -b**5/30 + 11*b**4/24 - 5*b**3/6 + 64*b**2 - b - 249. Let g(v) be the second derivative of k(v). Calculate g(7).
-26
Suppose v - 5*h - 73 = 0, -v + 2*h = h - 41. Let j(s) = s**3 - 32*s**2 - 30*s - 52. What is j(v)?
47
Let f(s) be the first derivative of -s**4/4 + 8*s**3/3 - s**2/2 + 3*s + 1. Let n(q) = q**2 - 166*q + 6861. Let z be n(77). Determine f(z).
-5
Let k(b) be the second derivative of -b**4/12 - 19*b**3/6 - 8833*b. Calculate k(-19).
0
Let z(i) = i**2 + 6*i - 3. Suppose 5*n + 429 = 2*x - 133, 122 = -n - 2*x. Let u = 110 + n. What is z(u)?
-11
Let q(c) = -2*c**2 - 4. Let n(v) = -v**2 - v - 1. Let s(t) = -n(t) + q(t). Suppose -197*u - 38*u = -357 - 818. Determine s(u).
-23
Let z(i) be the second derivative of -i**4/6 + 85*i**3/6 + 33*i**2/2 - 206*i - 9. What is z(43)?
-10
Let r be -4 + 55/15 - (-10)/3. Let s(j) = -13*j**2 - 2 + j**2 + 2*j - 2*j**3 - 5*j**2 + 26*j**2 - 5*j**2. Determine s(r).
-14
Let l(z) = -z + 13. Suppose -4*k = s - 5*k + 11, 2*k = -5*s - 20. Let j be s/(-39) + 450/117. What is l(j)?
9
Let h be 115 + 2 + 0/(-2). Let g = h + -112. Let x(m) = 4*m - 9*m + 4*m - 5*m**2 + m**3 + 5. Give x(g).
0
Let b(h) be the third derivative of h**6/60 + h**5/15 + h**4/8 + 11*h**3/6 + 2397*h**2 - 2. Determine b(-5).
-154
Let g(d) = 7*d - 683. Let a(m) = 6*m - 687. Let h(l) = -5*a(l) + 6*g(l). What is h(56)?
9
Let s(d) = -d**3 - 6*d**2 - 8*d + 7. Suppose 11*u - 12*u = 3*k + 5, 0 = 2*u - k + 10. Determine s(u).
22
Let k(z) = -z**3 + 6*z**2 + 9*z - 8. Suppose -11*o + 27 + 39 = 0. Suppose 2*c - 20 + o = 0. Give k(c).
6
Let j(r) be the second derivative of -2*r**2 + 8*r + 1/6*r**3 + 0. Suppose 8*s - 9*s + 3*c + 6 = 0, 5*s = c + 30. Give j(s).
2
Let l(m) = -6*m**2 - 3*m - 1. Suppose 20 - 105 = -5*c. Suppose 0 = z + 19 - c. What is l(z)?
-19
Let c(k) = -2*k**3 + 10*k**2 + 2*k - 10. Let u be c(5). Let q(h) = h + 5 - h**2 - 6 + u*h + 3. Let n be (0/(-2))/(-2 - 0). Give q(n).
2
Let t(q) = -q**2 - 5*q - 3. Let y(i) = -7*i**2 + 2*i + 4. Let x be y(3). Suppose 2*u + 21*j = 25*j - 122, -4*u - 3*j - 189 = 0. Let v = x - u. Calculate t(v).
3
Let q(k) = -5*k - 31. Suppose -y + 37 = -b + 15*b, 3*b = y + 14. Give q(y).
-6
Let r(t) = t**2 + t - 4. Let f = 156 - 658. Let w = -497 - f. Determine r(w).
26
Suppose 49 - 169 = -5*l. Suppose 3*x - 24 = -5*u + u, 4*u + 5*x = l. Let m(k) = -6*k + 24*k - k**2 - 9*k + 0*k**2 - 7. Determine m(u).
11
Let t(a) be the second derivative of -5*a**3/6 + 6*a**2 + 7*a. Let z(c) = -3*c + 6. Suppose -5*o + 7 = -28. Let r(p) = o*z(p) - 4*t(p). Calculate r(-9).
3
Let n(v) = -196*v + 101*v + 93*v + 80. What is n(32)?
16
Let j(t) = t**2 + 3*t + 3. Suppose -8*o = -11*o - 63. Let d = -12 - o. Let x be (-12)/d*(-2 + 7/2). What is j(x)?
1
Suppose 2*j - 6*j - 6*j - 200 = 0. Let i(v) = 6*v + 116. What is i(j)?
-4
Let u(d) = 3*d**2 + 12*d - 11. Let m(g) = 10*g**2 + 37*g - 33. Let f(r) = 2*m(r) - 7*u(r). Let s = 12082 + -12090. Calculate f(s).
27
Let i(p) = -683*p - 683*p - 673*p + 2045*p + 32. Calculate i(0).
32
Suppose 17*n - 12 = 11*n. Let k(d) = -2*d**3 + 4*d**2 - 4*d + 2. Let r be k(n). Let t(x) = -x - 4. Determine t(r).
2
Let x(b) be the second derivative of b**3/3 - 366*b - 1. Let r = 2 - -1. Determine x(r).
6
Let l(k) = 7*k - 37. Let r be 3 + ((-76)/(-12) - (28/42)/2). Give l(r).
26
Let r(n) = -350*n**2 + 180*n**2 + 0 + 174*n**2 + 0*n - 1 - 2*n. What is r(-1)?
5
Let c(w) = 9*w + 1. Let l(s) = 164 - 380 + 129 + 5*s. Let z be l(18). Calculate c(z).
28
Let m(u) be the first derivative of 1/4*u**4 + 4*u - 2*u**2 - u**3 + 25. Give m(3).
-8
Let i(m) = 10 + 17*m - 2 + 19*m - 59*m - 2*m**3 + 16*m. Determine i(2).
-22
Let u(y) = y**3 + 3*y**2 + 3*y. Let t be (4/(-7))/((-1)/7). Suppose 0 = h - 8 - t. Suppose 18*i = 22*i + h. What is u(i)?
-9
Let d(t) = -t**3 + 8*t**2 - 33*t + 114. Let r be d(6). Let p(l) = -3*l - 6. Calculate p(r).
30
Let b(s) = -12*s - 5*s**2 - 10 + 4*s**2 - s**3 - 10*s**2. Let w = 4848 - 4858. What is b(w)?
10
Let o = -241 - -31. Let w = o + 219. Let r(n) = -2*n + 8. Determine r(w).
-10
Let b be 7/7*(-4)/1. Let c(m) = -53*m - 5. Let x(l) = 18*l + 3. Let j(q) = c(q) + 3*x(q). What is j(b)?
0
Suppose 45 = -4*i - 5*i. Let t(k) = -3*k**3 - 16*k**2 - 2*k + 15. Let b be t(i). Let c(l) = -l**3 + l**2 - l - 4. Determine c(b).
-4
Let b(g) = -92 - 10*g - 4*g + 16*g + 94 - 6*g**2. What is b(2)?
-18
Suppose 4*g + 132 = -4*m, -5*g + 49 - 169 = -4*m. Let p = g - -40. Suppose 66 = c - p*c. Let l(u) = 3*u + 4. Determine l(c).
-14
Let v(z) be the third derivative of -z**4/24 - 4*z**3/3 + 654*z**2. Give v(10).
-18
Suppose 17*x + 64 = 9*x. Let g(w) = -53*w**2 + 9*w + 35. Let o(b) = -29*b**2 + 4*b + 18. Let c(z) = 6*g(z) - 11*o(z). What is c(x)?
-4
Let f(i) = 2*i + 9. Let b(g) = g**3 + 23*g**2 - 19*g + 1. Let l be b(-24). Let q = l - -114. Calculate f(q).
-1
Let j(u) be the second derivative of 1/6*u**3 - 114*u + 0 + 0*u**4 - 19*u**2 - 1/20*u**5. What is j(0)?
-38
Let k(b) = -b**3 + 16*b**2 - 16*b + 15. Let i be k(15). Let g(t) = -12 - 32 + 115 + t - 39. Calculate g(i).
32
Suppose -31*t + 22*t = -27. Let p(z) = -z**3 + 4*z**2 + 2 - 5 - z**2 + 5 - 4*z. Calculate p(t).
-10
Let q(n) = n**3 + 5*n - 23. Suppose -114*h = -353*h - 9 + 9. Give q(h).
-23
Let w(t) = 1091*t - 3290*t + 1101*t + 1106*t + 121. What is w(-14)?
9
Let a(b) = 2*b**3 - 3*b**2 - 3*b + 1. Let c(j) be the first derivative of 5*j**4/4 - 7*j**3/3 - 7*j**2/2 + 2*j + 17. Let w(q) = -9*a(q) + 4*c(q). What is w(2)?
9
Let m be 10 - (-42)/(-4) - (-138)/12. Let g(